nds digit of 866244658?
4
What is the hundred thousands digit of 217784958?
7
What is the ten millions digit of 113520366?
1
What is the thousands digit of 409546239?
6
What is the units digit of 19789214?
4
What is the hundred thousands digit of 22190176?
1
What is the millions digit of 133256424?
3
What is the millions digit of 2805008704?
5
What is the tens digit of 3182278839?
3
What is the hundreds digit of 44526482?
4
What is the ten millions digit of 38175597?
3
What is the ten thousands digit of 54351084?
5
What is the millions digit of 6867885593?
7
What is the thousands digit of 111000281?
0
What is the ten millions digit of 296890892?
9
What is the tens digit of 495926919?
1
What is the units digit of 9369435?
5
What is the hundred millions digit of 1567700451?
5
What is the tens digit of 6872658?
5
What is the millions digit of 1800850705?
0
What is the hundred thousands digit of 33623618?
6
What is the tens digit of 118261803?
0
What is the thousands digit of 534843808?
3
What is the tens digit of 1628163898?
9
What is the ten millions digit of 81287929?
8
What is the ten thousands digit of 116366493?
6
What is the hundred millions digit of 2334969060?
3
What is the hundred thousands digit of 25405568?
4
What is the hundreds digit of 65141482?
4
What is the billions digit of 1493305056?
1
What is the ten millions digit of 220509468?
2
What is the millions digit of 368157076?
8
What is the units digit of 69171236?
6
What is the units digit of 5878365952?
2
What is the ten millions digit of 275844949?
7
What is the ten thousands digit of 419506606?
0
What is the ten thousands digit of 3994298428?
9
What is the units digit of 1069226408?
8
What is the thousands digit of 28639662?
9
What is the hundred millions digit of 1571103813?
5
What is the ten thousands digit of 637146175?
4
What is the hundred millions digit of 1380346605?
3
What is the ten thousands digit of 272206646?
0
What is the ten thousands digit of 1449099087?
9
What is the units digit of 358024843?
3
What is the units digit of 728520663?
3
What is the ten thousands digit of 553284811?
8
What is the hundreds digit of 507606071?
0
What is the millions digit of 75706675?
5
What is the tens digit of 106591026?
2
What is the ten millions digit of 382085615?
8
What is the millions digit of 26665800?
6
What is the units digit of 636275539?
9
What is the ten millions digit of 42059672?
4
What is the millions digit of 2214548270?
4
What is the billions digit of 1431916462?
1
What is the units digit of 1318498297?
7
What is the hundreds digit of 1641735533?
5
What is the ten thousands digit of 1193231940?
3
What is the millions digit of 2198743488?
8
What is the ten millions digit of 911760361?
1
What is the units digit of 37861579?
9
What is the ten thousands digit of 247592605?
9
What is the ten thousands digit of 11237733?
3
What is the tens digit of 692694386?
8
What is the hundred thousands digit of 910051523?
0
What is the hundreds digit of 278502940?
9
What is the tens digit of 61275194?
9
What is the millions digit of 472652323?
2
What is the tens digit of 58179421?
2
What is the thousands digit of 176265381?
5
What is the hundreds digit of 295181554?
5
What is the hundred millions digit of 192500398?
1
What is the units digit of 116498236?
6
What is the hundreds digit of 58768111?
1
What is the ten thousands digit of 100878020?
7
What is the hundred millions digit of 477319210?
4
What is the thousands digit of 13173088?
3
What is the ten millions digit of 2045363077?
4
What is the units digit of 52407936?
6
What is the hundred thousands digit of 3810383567?
3
What is the hundred millions digit of 752195545?
7
What is the ten thousands digit of 45281892?
8
What is the thousands digit of 37505676?
5
What is the ten millions digit of 14550145?
1
What is the hundred thousands digit of 1861033564?
0
What is the hundred millions digit of 1137789839?
1
What is the ten thousands digit of 171355841?
5
What is the thousands digit of 51968717?
8
What is the tens digit of 29627631?
3
What is the hundred thousands digit of 1727740569?
7
What is the hundred thousands digit of 751404074?
4
What is the hundred thousands digit of 7779531?
7
What is the tens digit of 235870844?
4
What is the thousands digit of 272360447?
0
What is the tens digit of 2900162958?
5
What is the tens digit of 2641287220?
2
What is the thousands digit of 3905052311?
2
What is the ten millions digit of 2678085674?
7
What is the tens digit of 1480303?
0
What is the millions digit of 3853222?
3
What is the hundred thousands digit of 3368451567?
4
What is the hundred thousands digit of 225024478?
0
What is the hundreds digit of 216317467?
4
What is the ten thousands digit of 36273943?
7
What is the hundred thousands digit of 1985115933?
1
What is the thousands digit of 596681800?
1
What is the billions digit of 2134485755?
2
What is the millions digit of 3782127621?
2
What is the millions digit of 61329243?
1
What is the tens digit of 57355976?
7
What is the millions digit of 4220359?
4
What is the ten thousands digit of 44721177?
2
What is the ten millions digit of 15305465?
1
What is the ten millions digit of 4840429588?
4
What is the hundred thousands digit of 1989625332?
6
What is the thousands digit of 54599119?
9
What is the thousands digit of 41211665?
1
What is the hundred millions digit of 1687876541?
6
What is the tens digit of 3831404768?
6
What is the ten millions digit of 34255688?
3
What is the billions digit of 1618352983?
1
What is the tens digit of 483637423?
2
What is the tens digit of 184831948?
4
What is the units digit of 387015326?
6
What is the tens digit of 95528235?
3
What is the thousands digit of 8438420?
8
What is the ten millions digit of 140074552?
4
What is the hundred thousands digit of 2457598595?
5
What is the ten thousands digit of 2960508015?
0
What is the ten millions digit of 63408713?
6
What is the hundreds digit of 40264095?
0
What is the millions digit of 56697811?
6
What is the millions digit of 818379225?
8
What is the units digit of 11975328?
8
What is the hundreds digit of 208716414?
4
What is the ten millions digit of 1684756478?
8
What is the hundreds digit of 157427514?
5
What is the tens digit of 4269763085?
8
What is the tens digit of 314696191?
9
What is the ten millions digit of 10548970?
1
What is the hundreds digit of 416555742?
7
What is the thousands digit of 14399606?
9
What is the tens digit of 797424591?
9
What is the hundred thousands digit of 212737857?
7
What is the hundreds digit of 4264444016?
0
What is the units digit of 53527464?
4
What is the ten thousands digit of 197848352?
4
What is the hundreds digit of 66102801?
8
What is the ten thousands digit of 27150871?
5
What is the units digit of 2808816172?
2
What is the thousands digit of 16120211?
0
What is the units digit of 206957360?
0
What is the hundred millions digit of 2881004255?
8
What is the units digit of 432919897?
7
What is the thousands digit of 510229861?
9
What is the tens digit of 37709386?
8
What is the hundreds digit of 2276043887?
8
What is the hundreds digit of 545849556?
5
What is the hundred thousands digit of 776460594?
4
What is the ten thousands digit of 403082351?
8
What is the millions digit of 80799122?
0
What is the thousands digit of 5748395403?
5
What is the hundred thousands digit of 30817172?
8
What is the hundreds digit of 280111521?
5
What is the hundreds digit of 4215977490?
4
What is the hundreds digit of 135644446?
4
What is the tens digit of 32717251?
5
What is the ten millions digit of 402123441?
0
What is the ten thousands digit of 463912001?
1
What is the hundreds digit of 749586216?
2
What is the ten thousands digit of 1120283671?
8
What is the thousands digit of 3428789167?
9
What is the thousands digit of 1383955279?
5
What is the millions digit of 2500528901?
0
What is the ten millions digit of 1333544696?
3
What is the tens digit of 2252765176?
7
What is the ten thousands digit of 200621847?
2
What is the hundred millions digit of 134429529?
1
What is the hundred millions digit of 1835185500?
8
What is the millions digit of 1887658927?
7
What is the millions digit of 13775947?
3
What is the tens digit of 2705960685?
8
What is the hundreds digit of 